88, -4*h + 7 = 23. Suppose 6*p = 11*p + q. What is the hundreds digit of 0 + (-8)/(-4) + (-3 - p)?
1
Let q(h) = -12*h + 65. Let y(w) = -6*w + 33. Let b(n) = 3*q(n) - 5*y(n). What is the tens digit of b(-19)?
4
Suppose 0*q + 4*x + 10 = q, 0 = -3*x. Suppose 5*v - 5690 = -5*u, -2*u - q*v = -14*v - 2300. What is the hundreds digit of u?
1
Let x(w) be the second derivative of 8*w**3/3 - 29*w**2/2 + 4*w. Let d be x(11). Suppose b = -0*n + n - d, 0 = 2*n + b - 306. What is the units digit of n?
1
Suppose -127554 = -118*g + 104*g. What is the thousands digit of g?
9
Let w(t) = 10*t - 3*t - t**2 + 5*t**3 + 0*t**2 - 6*t. Let o be w(1). Suppose -4*m + 261 = -g, o*g = 2*m - 176 + 23. What is the units digit of m?
4
Let p = -97 - -100. Suppose -p*d = -7*d + 2224. Suppose -459 = -7*u + d. What is the hundreds digit of u?
1
Let o(c) = -47 + 67*c + c**2 - c + c**2. What is the hundreds digit of o(-37)?
2
Let j(d) = d**2 + 8*d + 12. Let i = -35 - -26. Let a be j(i). Suppose h - a = -16. What is the units digit of h?
5
Let v = 22674 + -1000. What is the thousands digit of v?
1
Suppose 28*j - 56*j = 33*j - 1711965. What is the hundreds digit of j?
0
Let j(f) = 88*f**2 - 7*f + 7. Let v be j(3). What is the units digit of (v/2 - -3) + 4?
6
Let o(s) = 121*s - 29. Let g be o(5). Let t = g - 388. What is the tens digit of t?
8
Let c(v) = -32*v - 81. Suppose 34*a + 512 = 18*a. What is the tens digit of c(a)?
4
Let u(l) = l**3 - 53*l**2 - 36*l + 46. What is the units digit of u(56)?
8
Suppose -2*m - m - x - 4 = 0, 0 = 3*m - 5*x - 20. Suppose v - 5*y - 395 = m, 2*v - y - 314 = 494. What is the hundreds digit of v?
4
Suppose 4*m - 35 = -5*v, -4*m = -2*v - v - 11. Let c be (-567)/m - 69/115. Let d = c + 140. What is the units digit of d?
6
Suppose -101999 = -102*d + 136783. What is the units digit of d?
1
Let w = -21286 + 85663. What is the thousands digit of w?
4
Suppose 0 = -6*p + 7*p - 1431. Suppose -4*w + 3*g = -0*g - p, 0 = -3*g - 3. Suppose -6*h + w = 15. What is the tens digit of h?
5
Suppose -n + q - 1585 = -646, 3*q = -12. Let u = n + 1734. What is the units digit of u?
1
Let h(z) = 2*z**3 - 34*z**2 - 32*z + 95. What is the units digit of h(25)?
5
Let q be 5*2/(-90) + 334/9. Suppose -2*w + 22 + q = 3*a, 3*a = -15. What is the units digit of w?
7
Suppose -219*i + 185*i = 0. Let x be 2/(-3) - (-8)/3. Suppose -x*h = 5*t - 954 - 232, i = t + h - 239. What is the units digit of t?
6
Let b be (-480)/50*(15/2 + 0). Let j = b + 183. What is the tens digit of j?
1
Suppose 0 = -5*p - f + 273104, 5*p = f + 171568 + 101548. What is the thousands digit of p?
4
Suppose -y = -17 + 7. Let q = 905 - 341. Suppose -y*h = -16*h + q. What is the units digit of h?
4
Let a(g) = g + 11. Let x be a(-14). Let v be (0 + x - -4) + 8. Suppose 11*b - 100 = v*b. What is the tens digit of b?
5
Let k(z) = -5*z + 43. Let l be k(8). Suppose -l = 3*o - 9, -3*v = -4*o - 2731. What is the hundreds digit of v?
9
What is the hundreds digit of (1309/(-34))/(2/(-20))?
3
Suppose d = -4*f + 7, -f - 2*d = -d - 1. Suppose 0 = -2*u + 6, -f*m - u + 21 = -1578. What is the units digit of m?
8
Let d = -1822 + 3019. Let j = d - 413. What is the tens digit of j?
8
Let w = -395 - -1114. Let h = 476 - w. Let v = h - -362. What is the tens digit of v?
1
What is the tens digit of (121 + -120)/((-2)/(-9510))?
5
Let i be (-21)/(28/4) - -150. Suppose j + 145 + i = 3*m, 472 = 5*m + 2*j. What is the tens digit of m?
9
Let z = -289 - -182. Let t = z + 108. Suppose -5*x + 46 = 4*n, -n + x + 6 = -t. What is the units digit of n?
9
Let w = 723 + -176. Suppose -2*z = -g + 4*g - w, 189 = g - z. What is the hundreds digit of g?
1
Suppose -b = -3*k + 37444, -471*b + 474*b = -k + 12458. What is the ten thousands digit of k?
1
Suppose -6*a = 4*l - 101786, -28*l = 3*a - 29*l - 50905. What is the hundreds digit of a?
9
Suppose 0 = -37*d - 17*d + 108864. Suppose -8*y + 7808 = d. What is the hundreds digit of y?
7
Suppose -o = 3*o + 3*d + 278, o - d = -73. Let j = -67 - o. Suppose -342 = -3*v - j*i, -i = -6*v + v + 570. What is the tens digit of v?
1
Suppose 15*n - 5524 = 1031. Suppose n = -6*p + 8147. What is the thousands digit of p?
1
Let s = -12824 + 33529. What is the hundreds digit of s?
7
Let t(b) = -56*b - 866. What is the units digit of t(-60)?
4
Let a = 27 - 139. Let j = a - -119. Suppose 253 = j*v - 265. What is the tens digit of v?
7
Suppose -303 + 855 = -6*n. Let x be 4/(-6) - ((-4780)/(-6))/5. Let c = n - x. What is the units digit of c?
8
Let u(j) = 4*j - 39. Let p be u(11). Suppose -4*d - 34 = -p*d + w, -3*w = -6. Suppose 40*b - 96 = d*b. What is the units digit of b?
4
Suppose -35*f + 28*f - 13446 = 159*f. Suppose 2*h + 140 + 82 = 0. Let c = f - h. What is the tens digit of c?
3
Suppose 1085*q - 1088*q + 4*l = -1077, -5*q - 2*l = -1769. What is the hundreds digit of q?
3
Let t = 23321 - -18354. What is the ten thousands digit of t?
4
Let s(w) = -785*w + 1309. What is the units digit of s(-6)?
9
Let b = 5822 + 6018. What is the hundreds digit of b?
8
Let b be (4722/10)/((3 - 14)/(-55)). Let h = 3384 - b. What is the hundreds digit of h?
0
Let t be (-157284)/(-33) - 14/77. Suppose 5*o + 2*k - 4*k - t = 0, 4*o - 3820 = -2*k. What is the hundreds digit of o?
9
Suppose 0 = -4*c - 2*r + 734, -c - 5*r + 147 = -59. Let s = c - 6. What is the hundreds digit of s?
1
Let w(h) = -340*h - 82. Let l be w(-4). Suppose 30*s + l = 33*s. What is the tens digit of s?
2
Let r = 335 - 105. Suppose 2*o - 3*q = o + 32, r = 5*o - q. Suppose -j + 19 = -o. What is the tens digit of j?
6
Suppose 0 = 4*u + 26 - 90. Suppose -21*x + 20*x - u = 0. What is the units digit of x*(-1)/(4 - (0 + 3))?
6
Let m = -9401 - -15603. What is the units digit of m?
2
Let i(k) be the first derivative of 11/2*k**2 - 1/4*k**4 - 4/3*k**3 + 6 + 11*k. What is the units digit of i(-7)?
1
Suppose 3*z - 6 = 0, -6*z + 15 = -3*r - 9*z. Let o(u) = -u**3 + 6*u**2 - 7*u + 24. What is the units digit of o(r)?
0
Suppose m + 2*m - 3*g - 144 = 0, 0 = 5*m - 4*g - 244. Suppose m*h = 47*h. Suppose -j - 436 = -3*j - 3*i, -j - 2*i + 218 = h. What is the tens digit of j?
1
Let p = 61642 + -31414. What is the tens digit of p?
2
Let g(h) = -17*h + 13. Let d be g(1). What is the units digit of (-134)/d + 45/(-10) + 4?
3
Suppose 30823107 = 393*d - 20*d + 9029836. What is the hundreds digit of d?
4
Suppose 8*m = -0*m + 112. Suppose -m - 7 = -7*i. Suppose 310 = 5*r + 8*b - 3*b, -4*b = i*r - 183. What is the units digit of r?
5
Let s(m) = 15 + 30*m - 68 - 5. What is the tens digit of s(11)?
7
Suppose -3*l + 4*m - 15 = -3, -4*m = 3*l + 12. What is the units digit of 5 + 1288/4 + l?
3
Suppose 0 = 17*g + 137737 - 274363 - 186204. What is the units digit of g?
0
Let i(t) = 41*t + 1477. What is the units digit of i(-34)?
3
Let g = -53 - -55. Suppose 6*v - g*v = 0. Suppose -138 = -2*f + j, -5*j + 0 - 20 = v. What is the tens digit of f?
6
Let r(d) = -2*d - 4. Let l be r(-3). Suppose 4*b = 10 + l. What is the tens digit of 346/4 + b + (-2)/4?
8
Let d = -21 - -25. Let b be -1 - ((-316)/4 - d). Suppose l + 37 = f, 2*l - b = -2*f - 0*f. What is the tens digit of f?
3
Suppose 5*u - 241 = -91. Suppose 3*d = -7*d + u. Suppose 0 = -3*m + 2*j + 126 + 141, d = j. What is the tens digit of m?
9
Let j(d) = 3*d**2 + 8*d + 11. Let n be j(-5). Let o = -44 + n. What is the units digit of ((-1970)/15)/(o/(-3))?
7
Suppose m + 2*g - 2139 + 63 = 0, 0 = 2*m - 3*g - 4166. Suppose 0 = 5*s - 5*l - m, 20*l - 25*l = 3*s - 1272. What is the hundreds digit of s?
4
Let q(i) = 1717*i**2 + 3*i + 3. Suppose 8 = -34*y + 26*y. What is the hundreds digit of q(y)?
7
Suppose 8*y = -57000 + 149032. What is the tens digit of y?
0
Let u(n) = n**2 - 2*n - 21. Suppose 60 = 3*h - 42. Let k = h + -25. What is the tens digit of u(k)?
4
Suppose 2*r - 4*r + 320 = 0. Let c(t) = -13 - 12 - r*t + 25. What is the units digit of c(-1)?
0
Let i(m) = m**2 - 1. Let n(a) = -a - 33. Let g(z) = -2*i(z) + n(z). Let y be g(0). Let x = -8 - y. What is the units digit of x?
3
What is the ten thousands digit of (-2 - 0)/((-6)/73767) - (0 - 5)?
2
Let c(k) = 300*k - 1533. What is the hundreds digit of c(8)?
8
Let x = -493 + 502. Suppose f - x*r - 303 = -13*r, -3*r + 3 = 0. What is the hundreds digit of f?
2
Let a = 12511 + -8849. What is the thousands digit of